{"id":62,"date":"2018-07-14T13:52:31","date_gmt":"2018-07-14T11:52:31","guid":{"rendered":"http:\/\/10.4.0.3:4000\/?page_id=62"},"modified":"2018-07-20T00:01:52","modified_gmt":"2018-07-19T22:01:52","slug":"szkolenia-otwarte-zamkniete","status":"publish","type":"page","link":"https:\/\/360eco.pl\/index.php\/oferta\/szkolenia-otwarte-zamkniete\/","title":{"rendered":"Szkolenia otwarte\/zamkni\u0119te"},"content":{"rendered":"<p id=\"h.p_vtjhYGNbu-58\" class=\"zfr3Q\" style=\"text-align: justify;\">Prawo ochrony \u015brodowiska to wymagaj\u0105ca i szeroka dziedzina. Ponadto to obszar cz\u0119stych zmian, dlatego proponujemy przedsi\u0119biorcom skorzystanie z oferty profesjonalnych szkole\u0144 z zakresy prawa ochrony \u015brodowiska. Nasi specjali\u015bci pomog\u0105 przyswoi\u0107 wiedz\u0119 w tej dziedzinie a tak\u017ce wska\u017c\u0105 praktyczne aspekty omawianych zagadnie\u0144.<\/p>\n<p id=\"h.p_Y9QqpdIDu-59\" class=\"zfr3Q\" style=\"text-align: justify;\">Nasz\u0105 ofert\u0119 przygotowujemy na bie\u017c\u0105co i dostosowujemy do zmian w prawie.<\/p>\n<p id=\"h.p_XMP74pLLu-59\" class=\"zfr3Q\" style=\"text-align: justify;\">W ramach dzia\u0142alno\u015bci prowadzimy us\u0142ugi w postaci organizacji szkole\u0144 otwartych, zleconych i szkole\u0144 wyjazdowych.<\/p>\n","protected":false},"excerpt":{"rendered":"<p>Prawo ochrony \u015brodowiska to wymagaj\u0105ca i szeroka dziedzina. Ponadto to obszar cz\u0119stych zmian, dlatego proponujemy przedsi\u0119biorcom skorzystanie z oferty profesjonalnych szkole\u0144 z zakresy prawa ochrony \u015brodowiska. Nasi specjali\u015bci pomog\u0105 przyswoi\u0107 wiedz\u0119 w tej dziedzinie a tak\u017ce wska\u017c\u0105 praktyczne aspekty omawianych zagadnie\u0144. Nasz\u0105 ofert\u0119 przygotowujemy na bie\u017c\u0105co i dostosowujemy do zmian &hellip;<\/p>\n","protected":false},"author":1,"featured_media":0,"parent":134,"menu_order":0,"comment_status":"closed","ping_status":"closed","template":"","meta":{"footnotes":""},"class_list":["post-62","page","type-page","status-publish","hentry"],"_links":{"self":[{"href":"https:\/\/360eco.pl\/index.php\/wp-json\/wp\/v2\/pages\/62","targetHints":{"allow":["GET"]}}],"collection":[{"href":"https:\/\/360eco.pl\/index.php\/wp-json\/wp\/v2\/pages"}],"about":[{"href":"https:\/\/360eco.pl\/index.php\/wp-json\/wp\/v2\/types\/page"}],"author":[{"embeddable":true,"href":"https:\/\/360eco.pl\/index.php\/wp-json\/wp\/v2\/users\/1"}],"replies":[{"embeddable":true,"href":"https:\/\/360eco.pl\/index.php\/wp-json\/wp\/v2\/comments?post=62"}],"version-history":[{"count":3,"href":"https:\/\/360eco.pl\/index.php\/wp-json\/wp\/v2\/pages\/62\/revisions"}],"predecessor-version":[{"id":416,"href":"https:\/\/360eco.pl\/index.php\/wp-json\/wp\/v2\/pages\/62\/revisions\/416"}],"up":[{"embeddable":true,"href":"https:\/\/360eco.pl\/index.php\/wp-json\/wp\/v2\/pages\/134"}],"wp:attachment":[{"href":"https:\/\/360eco.pl\/index.php\/wp-json\/wp\/v2\/media?parent=62"}],"curies":[{"name":"wp","href":"https:\/\/api.w.org\/{rel}","templated":true}]}}