{"id":232,"date":"2018-07-14T18:56:20","date_gmt":"2018-07-14T16:56:20","guid":{"rendered":"http:\/\/10.4.0.3:4000\/?page_id=232"},"modified":"2018-07-20T00:01:27","modified_gmt":"2018-07-19T22:01:27","slug":"edukacja-ekologiczna","status":"publish","type":"page","link":"https:\/\/360eco.pl\/index.php\/oferta\/edukacja-ekologiczna\/","title":{"rendered":"Edukacja ekologiczna"},"content":{"rendered":"<p id=\"h.p_vy1hyZtQviAd\" class=\"zfr3Q\" style=\"text-align: justify;\">Formy dzia\u0142a\u0144, kt\u00f3rych celem jest upowszechnienie wiedzy o przyrodzie oraz podnoszenie \u015bwiadomo\u015bci ekologicznej, rozwijanie wra\u017cliwo\u015bci, propagowanie konkretnych zachowa\u0144 korzystnych dla \u015brodowiska naturalnego.<\/p>\n<p id=\"h.p_8l95lvxgvOv4\" class=\"zfr3Q\" style=\"text-align: justify;\"><em><u>Podstawowe cele edukacji ekologicznej to:<\/u><\/em><\/p>\n<p id=\"h.p_g1ntHqh-vOv4\" class=\"zfr3Q\" style=\"text-align: justify;\">&#8211; poznanie motyw\u00f3w i sposob\u00f3w ochrony \u015brodowiska,<\/p>\n<p id=\"h.p_jIMWykY2vOv5\" class=\"zfr3Q\" style=\"text-align: justify;\">&#8211; wyrobienie umiej\u0119tno\u015bci dostrzegania zjawisk w ekosystemach,<\/p>\n<p id=\"h.p_b0jAiE8xvOv6\" class=\"zfr3Q\" style=\"text-align: justify;\">&#8211; przewidywanie i ocena pewnych nast\u0119pstw obserwowanych zjawisk przyrodniczych i czyn\u00f3w cz\u0142owieka,<\/p>\n<p id=\"h.p_sUQDP3rJvOv7\" class=\"zfr3Q\" style=\"text-align: justify;\">&#8211; kszta\u0142towanie emocjonalnego stosunku do okre\u015blonych zjawisk i obiekt\u00f3w w \u015brodowisku cz\u0142owieka.<\/p>\n","protected":false},"excerpt":{"rendered":"<p>Formy dzia\u0142a\u0144, kt\u00f3rych celem jest upowszechnienie wiedzy o przyrodzie oraz podnoszenie \u015bwiadomo\u015bci ekologicznej, rozwijanie wra\u017cliwo\u015bci, propagowanie konkretnych zachowa\u0144 korzystnych dla \u015brodowiska naturalnego. Podstawowe cele edukacji ekologicznej to: &#8211; poznanie motyw\u00f3w i sposob\u00f3w ochrony \u015brodowiska, &#8211; wyrobienie umiej\u0119tno\u015bci dostrzegania zjawisk w ekosystemach, &#8211; przewidywanie i ocena pewnych nast\u0119pstw obserwowanych zjawisk przyrodniczych &hellip;<\/p>\n","protected":false},"author":1,"featured_media":0,"parent":134,"menu_order":0,"comment_status":"closed","ping_status":"closed","template":"","meta":{"footnotes":""},"class_list":["post-232","page","type-page","status-publish","hentry"],"_links":{"self":[{"href":"https:\/\/360eco.pl\/index.php\/wp-json\/wp\/v2\/pages\/232","targetHints":{"allow":["GET"]}}],"collection":[{"href":"https:\/\/360eco.pl\/index.php\/wp-json\/wp\/v2\/pages"}],"about":[{"href":"https:\/\/360eco.pl\/index.php\/wp-json\/wp\/v2\/types\/page"}],"author":[{"embeddable":true,"href":"https:\/\/360eco.pl\/index.php\/wp-json\/wp\/v2\/users\/1"}],"replies":[{"embeddable":true,"href":"https:\/\/360eco.pl\/index.php\/wp-json\/wp\/v2\/comments?post=232"}],"version-history":[{"count":3,"href":"https:\/\/360eco.pl\/index.php\/wp-json\/wp\/v2\/pages\/232\/revisions"}],"predecessor-version":[{"id":415,"href":"https:\/\/360eco.pl\/index.php\/wp-json\/wp\/v2\/pages\/232\/revisions\/415"}],"up":[{"embeddable":true,"href":"https:\/\/360eco.pl\/index.php\/wp-json\/wp\/v2\/pages\/134"}],"wp:attachment":[{"href":"https:\/\/360eco.pl\/index.php\/wp-json\/wp\/v2\/media?parent=232"}],"curies":[{"name":"wp","href":"https:\/\/api.w.org\/{rel}","templated":true}]}}