{"id":158,"date":"2018-07-14T17:13:49","date_gmt":"2018-07-14T15:13:49","guid":{"rendered":"http:\/\/10.4.0.3:4000\/?page_id=158"},"modified":"2018-07-20T00:08:50","modified_gmt":"2018-07-19T22:08:50","slug":"zgloszenia","status":"publish","type":"page","link":"https:\/\/360eco.pl\/index.php\/oferta\/wnioski-opracowania-karty\/zgloszenia\/","title":{"rendered":"Zg\u0142oszenia"},"content":{"rendered":"<div id=\"ez-toc-container\" class=\"ez-toc-v2_0_73 counter-hierarchy ez-toc-counter ez-toc-grey ez-toc-container-direction\">\n<p class=\"ez-toc-title\" style=\"cursor:inherit\">Spis tre\u015bci<\/p>\n<label for=\"ez-toc-cssicon-toggle-item-69e8ea9a01f75\" class=\"ez-toc-cssicon-toggle-label\"><span class=\"\"><span class=\"eztoc-hide\" style=\"display:none;\">Toggle<\/span><span class=\"ez-toc-icon-toggle-span\"><svg style=\"fill: #999;color:#999\" xmlns=\"http:\/\/www.w3.org\/2000\/svg\" class=\"list-377408\" width=\"20px\" height=\"20px\" viewBox=\"0 0 24 24\" fill=\"none\"><path d=\"M6 6H4v2h2V6zm14 0H8v2h12V6zM4 11h2v2H4v-2zm16 0H8v2h12v-2zM4 16h2v2H4v-2zm16 0H8v2h12v-2z\" fill=\"currentColor\"><\/path><\/svg><svg style=\"fill: #999;color:#999\" class=\"arrow-unsorted-368013\" xmlns=\"http:\/\/www.w3.org\/2000\/svg\" width=\"10px\" height=\"10px\" viewBox=\"0 0 24 24\" version=\"1.2\" baseProfile=\"tiny\"><path d=\"M18.2 9.3l-6.2-6.3-6.2 6.3c-.2.2-.3.4-.3.7s.1.5.3.7c.2.2.4.3.7.3h11c.3 0 .5-.1.7-.3.2-.2.3-.5.3-.7s-.1-.5-.3-.7zM5.8 14.7l6.2 6.3 6.2-6.3c.2-.2.3-.5.3-.7s-.1-.5-.3-.7c-.2-.2-.4-.3-.7-.3h-11c-.3 0-.5.1-.7.3-.2.2-.3.5-.3.7s.1.5.3.7z\"\/><\/svg><\/span><\/span><\/label><input type=\"checkbox\"  id=\"ez-toc-cssicon-toggle-item-69e8ea9a01f75\"  aria-label=\"Toggle\" \/><nav><ul class='ez-toc-list ez-toc-list-level-1 ' ><li class='ez-toc-page-1 ez-toc-heading-level-1'><a class=\"ez-toc-link ez-toc-heading-1\" href=\"https:\/\/360eco.pl\/index.php\/oferta\/wnioski-opracowania-karty\/zgloszenia\/#Zgloszenie_instalacji_z_ktorej_emisja_nie_wymaga_pozwolenia\" title=\"Zg\u0142oszenie instalacji, z kt\u00f3rej emisja nie wymaga pozwolenia\">Zg\u0142oszenie instalacji, z kt\u00f3rej emisja nie wymaga pozwolenia<\/a><ul class='ez-toc-list-level-2' ><li class='ez-toc-heading-level-2'><a class=\"ez-toc-link ez-toc-heading-2\" href=\"https:\/\/360eco.pl\/index.php\/oferta\/wnioski-opracowania-karty\/zgloszenia\/#Podstawa_prawna\" title=\"Podstawa prawna\">Podstawa prawna<\/a><\/li><li class='ez-toc-page-1 ez-toc-heading-level-2'><a class=\"ez-toc-link ez-toc-heading-3\" href=\"https:\/\/360eco.pl\/index.php\/oferta\/wnioski-opracowania-karty\/zgloszenia\/#Kogo_dotyczy\" title=\"Kogo dotyczy\">Kogo dotyczy<\/a><\/li><li class='ez-toc-page-1 ez-toc-heading-level-2'><a class=\"ez-toc-link ez-toc-heading-4\" href=\"https:\/\/360eco.pl\/index.php\/oferta\/wnioski-opracowania-karty\/zgloszenia\/#Zawiera_dane\" title=\"Zawiera dane\">Zawiera dane<\/a><\/li><\/ul><\/li><li class='ez-toc-page-1 ez-toc-heading-level-1'><a class=\"ez-toc-link ez-toc-heading-5\" href=\"https:\/\/360eco.pl\/index.php\/oferta\/wnioski-opracowania-karty\/zgloszenia\/#Zgloszenie_instalacji_wytwarzajacej_pola_elektromagnetyczne\" title=\"Zg\u0142oszenie instalacji wytwarzaj\u0105cej pola elektromagnetyczne\">Zg\u0142oszenie instalacji wytwarzaj\u0105cej pola elektromagnetyczne<\/a><ul class='ez-toc-list-level-2' ><li class='ez-toc-heading-level-2'><a class=\"ez-toc-link ez-toc-heading-6\" href=\"https:\/\/360eco.pl\/index.php\/oferta\/wnioski-opracowania-karty\/zgloszenia\/#Podstawa_prawna-2\" title=\"Podstawa prawna\">Podstawa prawna<\/a><\/li><li class='ez-toc-page-1 ez-toc-heading-level-2'><a class=\"ez-toc-link ez-toc-heading-7\" href=\"https:\/\/360eco.pl\/index.php\/oferta\/wnioski-opracowania-karty\/zgloszenia\/#Kogo_dotyczy-2\" title=\"Kogo dotyczy\">Kogo dotyczy<\/a><\/li><li class='ez-toc-page-1 ez-toc-heading-level-2'><a class=\"ez-toc-link ez-toc-heading-8\" href=\"https:\/\/360eco.pl\/index.php\/oferta\/wnioski-opracowania-karty\/zgloszenia\/#Zawiera_dane-2\" title=\"Zawiera dane\">Zawiera dane<\/a><\/li><\/ul><\/li><li class='ez-toc-page-1 ez-toc-heading-level-1'><a class=\"ez-toc-link ez-toc-heading-9\" href=\"https:\/\/360eco.pl\/index.php\/oferta\/wnioski-opracowania-karty\/zgloszenia\/#Zgloszenie_uznania_przedmiotu_za_produkt_uboczny\" title=\"Zg\u0142oszenie uznania przedmiotu za produkt uboczny\">Zg\u0142oszenie uznania przedmiotu za produkt uboczny<\/a><ul class='ez-toc-list-level-2' ><li class='ez-toc-heading-level-2'><a class=\"ez-toc-link ez-toc-heading-10\" href=\"https:\/\/360eco.pl\/index.php\/oferta\/wnioski-opracowania-karty\/zgloszenia\/#Podstawa_prawna-3\" title=\"Podstawa prawna\">Podstawa prawna<\/a><\/li><li class='ez-toc-page-1 ez-toc-heading-level-2'><a class=\"ez-toc-link ez-toc-heading-11\" href=\"https:\/\/360eco.pl\/index.php\/oferta\/wnioski-opracowania-karty\/zgloszenia\/#Kogo_dotyczy-3\" title=\"Kogo dotyczy\">Kogo dotyczy<\/a><\/li><li class='ez-toc-page-1 ez-toc-heading-level-2'><a class=\"ez-toc-link ez-toc-heading-12\" href=\"https:\/\/360eco.pl\/index.php\/oferta\/wnioski-opracowania-karty\/zgloszenia\/#Zawiera_m_in_dane_o\" title=\"Zawiera m. in. dane o\">Zawiera m. in. dane o<\/a><\/li><\/ul><\/li><\/ul><\/nav><\/div>\n<h1 id=\"h.p_7DFNNzEPbZdb\" class=\"zfr3Q\" style=\"text-align: justify;\"><span class=\"ez-toc-section\" id=\"Zgloszenie_instalacji_z_ktorej_emisja_nie_wymaga_pozwolenia\"><\/span><strong>Zg\u0142oszenie instalacji, z kt\u00f3rej emisja nie wymaga pozwolenia<\/strong><span class=\"ez-toc-section-end\"><\/span><\/h1>\n<h2 id=\"h.p_e13ivQFebajG\" class=\"zfr3Q\" style=\"text-align: justify;\"><span class=\"ez-toc-section\" id=\"Podstawa_prawna\"><\/span><strong>Podstawa prawna<\/strong><span class=\"ez-toc-section-end\"><\/span><\/h2>\n<p id=\"h.p_ILNier2abajH\" class=\"zfr3Q\" style=\"text-align: justify;\">Zgodnie z art. 152 ust 1. ustawy z dnia 27 kwietnia 2001 r.\u00a0<em>Prawo ochrony \u015brodowiska<\/em>,<em>\u00a0<\/em>instalacja, z kt\u00f3rej emisja nie wymaga pozwolenia, mog\u0105ca negatywnie oddzia\u0142ywa\u0107 na \u015brodowisko, podlega zg\u0142oszeniu organowi ochrony \u015brodowiska, z zastrze\u017ceniem ust. 8 ww. art., kt\u00f3ry m\u00f3wi, \u017ce zasady zg\u0142aszania instalacji mog\u0105cej negatywnie oddzia\u0142ywa\u0107 na \u015brodowisko z uwagi na wytwarzanie odpad\u00f3w okre\u015blaj\u0105 przepisy\u00a0<em>ustawy o odpadach<\/em>.<\/p>\n<h2 id=\"h.p_o0glEZcTbajJ\" class=\"zfr3Q\" style=\"text-align: justify;\"><span class=\"ez-toc-section\" id=\"Kogo_dotyczy\"><\/span><strong>Kogo dotyczy<\/strong><span class=\"ez-toc-section-end\"><\/span><\/h2>\n<p id=\"h.p_htd4KBt6bajJ\" class=\"zfr3Q\" style=\"text-align: justify;\">Je\u015bli posiadasz instalacj\u0119, kt\u00f3ra emituje gazy lub py\u0142y to instalacja ta mo\u017ce wymaga\u0107 zg\u0142oszenia do organu ochrony \u015brodowiska.<\/p>\n<p id=\"h.p_HwKEN0ztbajJ\" class=\"zfr3Q\" style=\"text-align: justify;\">Jakie rodzaje instalacji podlegaj\u0105 zg\u0142oszeniu? Reguluj\u0105 to dwa rozporz\u0105dzenia:<\/p>\n<p id=\"h.p_uKIYeAaIbajL\" class=\"zfr3Q\" style=\"text-align: justify;\">1. rozporz\u0105dzenie Ministra \u015arodowiska z 2 lipca 2010 r. w\u00a0<em>sprawie rodzaj\u00f3w instalacji, kt\u00f3rych eksploatacja wymaga zg\u0142oszenia,<\/em><\/p>\n<p id=\"h.p_PYqbhCajbajL\" class=\"zfr3Q\" style=\"text-align: justify;\">2. rozporz\u0105dzenie Ministra \u015arodowiska z 2 lipca 2010 r.\u00a0<em>w sprawie przypadk\u00f3w, w kt\u00f3rych wprowadzanie gaz\u00f3w lub py\u0142\u00f3w do powietrza z instalacji nie wymaga pozwolenia<\/em>.<\/p>\n<p id=\"h.p_BxhbI2mIbajM\" class=\"zfr3Q\" style=\"text-align: justify;\">Co do zasady prowadz\u0105cy instalacj\u0119, jest obowi\u0105zany do dokonania zg\u0142oszenia przed rozpocz\u0119ciem jej eksploatacji (patrz art. 152 ust. 3 ustawy z dnia 27 kwietnia 2001 r.\u00a0<em>Prawo ochrony \u015brodowiska<\/em>).<\/p>\n<p id=\"h.p_AqksbOzLbajN\" class=\"zfr3Q\" style=\"text-align: justify;\">Instalacj\u0119 obj\u0119t\u0105 obowi\u0105zkiem zg\u0142oszenia w okresie, gdy jest ju\u017c ona eksploatowana, prowadz\u0105cy j\u0105 jest obowi\u0105zany zg\u0142osi\u0107 w terminie 6 miesi\u0119cy od dnia, w kt\u00f3rym zosta\u0142a ona obj\u0119ta tym obowi\u0105zkiem (patrz art. 152 ust. 5 ustawy z dnia 27 kwietnia 2001 r.\u00a0<em>Prawo ochrony \u015brodowiska<\/em>).<\/p>\n<h2 id=\"h.p_8eKhAe4UbajO\" class=\"zfr3Q\" style=\"text-align: justify;\"><span class=\"ez-toc-section\" id=\"Zawiera_dane\"><\/span><strong>Zawiera dane<\/strong><span class=\"ez-toc-section-end\"><\/span><\/h2>\n<p id=\"h.p_tpMJ9idbbajP\" class=\"zfr3Q\" style=\"text-align: justify;\">Art. 152 ust. 2 ustawy z dnia 27 kwietnia 2001 r. Prawo ochrony \u015brodowiska okre\u015bla co powinno zawiera\u0107 zg\u0142oszenie.<\/p>\n<h1 id=\"h.p_iPRI0dQ9H6yr\" class=\"zfr3Q\" style=\"text-align: justify;\"><span class=\"ez-toc-section\" id=\"Zgloszenie_instalacji_wytwarzajacej_pola_elektromagnetyczne\"><\/span><strong>Zg\u0142oszenie instalacji wytwarzaj\u0105cej pola elektromagnetyczne<\/strong><span class=\"ez-toc-section-end\"><\/span><\/h1>\n<h2 id=\"h.p_O8Td9s4dH7lH\" class=\"zfr3Q\" style=\"text-align: justify;\"><span class=\"ez-toc-section\" id=\"Podstawa_prawna-2\"><\/span><strong>Podstawa prawna<\/strong><span class=\"ez-toc-section-end\"><\/span><\/h2>\n<p id=\"h.p__hS0YzxKH7lI\" class=\"zfr3Q\" style=\"text-align: justify;\">Art. 152 ust. 9 ustawy z dnia 27 kwietnia 2001 r.\u00a0<em>Prawo ochrony \u015brodowiska<\/em><\/p>\n<h2 id=\"h.p_lqdlb8PJH7lJ\" class=\"zfr3Q\" style=\"text-align: justify;\"><span class=\"ez-toc-section\" id=\"Kogo_dotyczy-2\"><\/span><strong>Kogo dotyczy<\/strong><span class=\"ez-toc-section-end\"><\/span><\/h2>\n<p id=\"h.p_pTp9ZRaLH7lK\" class=\"zfr3Q\" style=\"text-align: justify;\">Zgodnie z \u00a72 pkt 2 rozporz\u0105dzenia Ministra \u015arodowiska z dnia 2 lipca 2010 r.\u00a0<em>w sprawie rodzaj\u00f3w instalacji, kt\u00f3rych eksploatacja wymaga zg\u0142oszenia,\u00a0<\/em>zg\u0142oszenia z uwagi na wytwarzanie p\u00f3l elektromagnetycznych wymagaj\u0105:<\/p>\n<p id=\"h.p_yf96RW1OH7lL\" class=\"zfr3Q\" style=\"text-align: justify;\">1) stacje elektroenergetyczne lub napowietrzne linie elektroenergetyczne o napi\u0119ciu znamionowym nie ni\u017cszym ni\u017c 110 kV;<\/p>\n<p id=\"h.p_-rumxSgNH7lL\" class=\"zfr3Q\" style=\"text-align: justify;\">2) instalacje radiokomunikacyjne, radionawigacyjne i radiolokacyjne, kt\u00f3rych r\u00f3wnowa\u017cna moc promieniowana izotropowo wynosi nie mniej ni\u017c 15 W, emituj\u0105ce pola elektromagnetyczne o cz\u0119stotliwo\u015bciach od 30 kHz do 300 GHz.<\/p>\n<h2 id=\"h.p_LOJ5wWviH7lM\" class=\"zfr3Q\" style=\"text-align: justify;\"><span class=\"ez-toc-section\" id=\"Zawiera_dane-2\"><\/span><strong>Zawiera dane<\/strong><span class=\"ez-toc-section-end\"><\/span><\/h2>\n<p id=\"h.p_uVEFTKpRH7lO\" class=\"zfr3Q\" style=\"text-align: justify;\">Patrz rozporz\u0105dzenie Ministra \u015arodowiska z dnia 2 lipca 2010 r.\u00a0<em>w sprawie zg\u0142oszenia instalacji wytwarzaj\u0105cych pola elektromagnetyczne.<\/em><\/p>\n<h1 style=\"text-align: justify;\"><span class=\"ez-toc-section\" id=\"Zgloszenie_uznania_przedmiotu_za_produkt_uboczny\"><\/span>Zg\u0142oszenie uznania przedmiotu za produkt uboczny<span class=\"ez-toc-section-end\"><\/span><\/h1>\n<h2 style=\"text-align: justify;\"><span class=\"ez-toc-section\" id=\"Podstawa_prawna-3\"><\/span><strong>Podstawa prawna<\/strong><span class=\"ez-toc-section-end\"><\/span><\/h2>\n<p style=\"text-align: justify;\">Art. 10 i 11 ustawy z dnia 14 grudnia 2012 roku o odpadach.<\/p>\n<h2 style=\"text-align: justify;\"><span class=\"ez-toc-section\" id=\"Kogo_dotyczy-3\"><\/span><strong>Kogo dotyczy<\/strong><span class=\"ez-toc-section-end\"><\/span><\/h2>\n<p style=\"text-align: justify;\">Posiadaczy odpad\u00f3w, kt\u00f3re spe\u0142niaj\u0105 wymagania produktu ubocznego.<\/p>\n<h2 style=\"text-align: justify;\"><span class=\"ez-toc-section\" id=\"Zawiera_m_in_dane_o\"><\/span><strong>Zawiera m. in. dane o<\/strong><span class=\"ez-toc-section-end\"><\/span><\/h2>\n<ul>\n<li style=\"text-align: justify;\">miejscu wytwarzania przedmiotu lub substancji przewidzianych do uznania za produkt uboczny,<\/li>\n<li style=\"text-align: justify;\">przedmiocie lub substancji przewidzianych do uznania za produkt uboczny oraz ich masie;<\/li>\n<li style=\"text-align: justify;\">procesie produkcyjnym, w kt\u00f3rym powstaje przedmiot lub substancja i procesie, w kt\u00f3rym zostan\u0105 one wykorzystane oraz<\/li>\n<li style=\"text-align: justify;\">dowody potwierdzaj\u0105ce spe\u0142nienie warunk\u00f3w, o kt\u00f3rych mowa w art. 10 ustawy z dnia 14 grudnia 2012 roku o odpadach oraz szczeg\u00f3\u0142owych wymaga\u0144, o ile zosta\u0142y okre\u015blone.<\/li>\n<\/ul>\n","protected":false},"excerpt":{"rendered":"<p>Zg\u0142oszenie instalacji, z kt\u00f3rej emisja nie wymaga pozwolenia Podstawa prawna Zgodnie z art. 152 ust 1. ustawy z dnia 27 kwietnia 2001 r.\u00a0Prawo ochrony \u015brodowiska,\u00a0instalacja, z kt\u00f3rej emisja nie wymaga pozwolenia, mog\u0105ca negatywnie oddzia\u0142ywa\u0107 na \u015brodowisko, podlega zg\u0142oszeniu organowi ochrony \u015brodowiska, z zastrze\u017ceniem ust. 8 ww. art., kt\u00f3ry m\u00f3wi, \u017ce &hellip;<\/p>\n","protected":false},"author":1,"featured_media":0,"parent":136,"menu_order":0,"comment_status":"closed","ping_status":"closed","template":"","meta":{"footnotes":""},"class_list":["post-158","page","type-page","status-publish","hentry"],"_links":{"self":[{"href":"https:\/\/360eco.pl\/index.php\/wp-json\/wp\/v2\/pages\/158","targetHints":{"allow":["GET"]}}],"collection":[{"href":"https:\/\/360eco.pl\/index.php\/wp-json\/wp\/v2\/pages"}],"about":[{"href":"https:\/\/360eco.pl\/index.php\/wp-json\/wp\/v2\/types\/page"}],"author":[{"embeddable":true,"href":"https:\/\/360eco.pl\/index.php\/wp-json\/wp\/v2\/users\/1"}],"replies":[{"embeddable":true,"href":"https:\/\/360eco.pl\/index.php\/wp-json\/wp\/v2\/comments?post=158"}],"version-history":[{"count":10,"href":"https:\/\/360eco.pl\/index.php\/wp-json\/wp\/v2\/pages\/158\/revisions"}],"predecessor-version":[{"id":427,"href":"https:\/\/360eco.pl\/index.php\/wp-json\/wp\/v2\/pages\/158\/revisions\/427"}],"up":[{"embeddable":true,"href":"https:\/\/360eco.pl\/index.php\/wp-json\/wp\/v2\/pages\/136"}],"wp:attachment":[{"href":"https:\/\/360eco.pl\/index.php\/wp-json\/wp\/v2\/media?parent=158"}],"curies":[{"name":"wp","href":"https:\/\/api.w.org\/{rel}","templated":true}]}}