{"id":156,"date":"2018-07-14T17:13:48","date_gmt":"2018-07-14T15:13:48","guid":{"rendered":"http:\/\/10.4.0.3:4000\/?page_id=156"},"modified":"2018-07-20T00:08:02","modified_gmt":"2018-07-19T22:08:02","slug":"odpady","status":"publish","type":"page","link":"https:\/\/360eco.pl\/index.php\/oferta\/wnioski-opracowania-karty\/odpady\/","title":{"rendered":"Odpady"},"content":{"rendered":"<div id=\"ez-toc-container\" class=\"ez-toc-v2_0_73 counter-hierarchy ez-toc-counter ez-toc-grey ez-toc-container-direction\">\n<p class=\"ez-toc-title\" style=\"cursor:inherit\">Spis tre\u015bci<\/p>\n<label for=\"ez-toc-cssicon-toggle-item-69e8ee12679bc\" class=\"ez-toc-cssicon-toggle-label\"><span class=\"\"><span class=\"eztoc-hide\" style=\"display:none;\">Toggle<\/span><span class=\"ez-toc-icon-toggle-span\"><svg style=\"fill: #999;color:#999\" xmlns=\"http:\/\/www.w3.org\/2000\/svg\" class=\"list-377408\" width=\"20px\" height=\"20px\" viewBox=\"0 0 24 24\" fill=\"none\"><path d=\"M6 6H4v2h2V6zm14 0H8v2h12V6zM4 11h2v2H4v-2zm16 0H8v2h12v-2zM4 16h2v2H4v-2zm16 0H8v2h12v-2z\" fill=\"currentColor\"><\/path><\/svg><svg style=\"fill: #999;color:#999\" class=\"arrow-unsorted-368013\" xmlns=\"http:\/\/www.w3.org\/2000\/svg\" width=\"10px\" height=\"10px\" viewBox=\"0 0 24 24\" version=\"1.2\" baseProfile=\"tiny\"><path d=\"M18.2 9.3l-6.2-6.3-6.2 6.3c-.2.2-.3.4-.3.7s.1.5.3.7c.2.2.4.3.7.3h11c.3 0 .5-.1.7-.3.2-.2.3-.5.3-.7s-.1-.5-.3-.7zM5.8 14.7l6.2 6.3 6.2-6.3c.2-.2.3-.5.3-.7s-.1-.5-.3-.7c-.2-.2-.4-.3-.7-.3h-11c-.3 0-.5.1-.7.3-.2.2-.3.5-.3.7s.1.5.3.7z\"\/><\/svg><\/span><\/span><\/label><input type=\"checkbox\"  id=\"ez-toc-cssicon-toggle-item-69e8ee12679bc\"  aria-label=\"Toggle\" \/><nav><ul class='ez-toc-list ez-toc-list-level-1 ' ><li class='ez-toc-page-1 ez-toc-heading-level-1'><a class=\"ez-toc-link ez-toc-heading-1\" href=\"https:\/\/360eco.pl\/index.php\/oferta\/wnioski-opracowania-karty\/odpady\/#Wniosek_o_pozwolenie_na_wytwarzanie_odpadow\" title=\"Wniosek o pozwolenie na wytwarzanie odpad\u00f3w\">Wniosek o pozwolenie na wytwarzanie odpad\u00f3w<\/a><ul class='ez-toc-list-level-2' ><li class='ez-toc-heading-level-2'><a class=\"ez-toc-link ez-toc-heading-2\" href=\"https:\/\/360eco.pl\/index.php\/oferta\/wnioski-opracowania-karty\/odpady\/#Podstawa_prawna\" title=\"Podstawa prawna\">Podstawa prawna<\/a><\/li><li class='ez-toc-page-1 ez-toc-heading-level-2'><a class=\"ez-toc-link ez-toc-heading-3\" href=\"https:\/\/360eco.pl\/index.php\/oferta\/wnioski-opracowania-karty\/odpady\/#Kogo_dotyczy\" title=\"Kogo dotyczy\">Kogo dotyczy<\/a><\/li><li class='ez-toc-page-1 ez-toc-heading-level-2'><a class=\"ez-toc-link ez-toc-heading-4\" href=\"https:\/\/360eco.pl\/index.php\/oferta\/wnioski-opracowania-karty\/odpady\/#Zawiera_dane_m_in_o\" title=\"Zawiera dane m. in. o\">Zawiera dane m. in. o<\/a><\/li><\/ul><\/li><li class='ez-toc-page-1 ez-toc-heading-level-1'><a class=\"ez-toc-link ez-toc-heading-5\" href=\"https:\/\/360eco.pl\/index.php\/oferta\/wnioski-opracowania-karty\/odpady\/#Wniosek_o_zezwolenie_na_zbieranie_odpadow\" title=\"Wniosek o zezwolenie na zbieranie odpad\u00f3w\">Wniosek o zezwolenie na zbieranie odpad\u00f3w<\/a><ul class='ez-toc-list-level-2' ><li class='ez-toc-heading-level-2'><a class=\"ez-toc-link ez-toc-heading-6\" href=\"https:\/\/360eco.pl\/index.php\/oferta\/wnioski-opracowania-karty\/odpady\/#Podstawa_prawna-2\" title=\"Podstawa prawna\">Podstawa prawna<\/a><\/li><li class='ez-toc-page-1 ez-toc-heading-level-2'><a class=\"ez-toc-link ez-toc-heading-7\" href=\"https:\/\/360eco.pl\/index.php\/oferta\/wnioski-opracowania-karty\/odpady\/#Kogo_dotyczy-2\" title=\"Kogo dotyczy\">Kogo dotyczy<\/a><\/li><li class='ez-toc-page-1 ez-toc-heading-level-2'><a class=\"ez-toc-link ez-toc-heading-8\" href=\"https:\/\/360eco.pl\/index.php\/oferta\/wnioski-opracowania-karty\/odpady\/#Zawiera_dane_m_in_o-2\" title=\"Zawiera dane m. in. o\">Zawiera dane m. in. o<\/a><\/li><\/ul><\/li><li class='ez-toc-page-1 ez-toc-heading-level-1'><a class=\"ez-toc-link ez-toc-heading-9\" href=\"https:\/\/360eco.pl\/index.php\/oferta\/wnioski-opracowania-karty\/odpady\/#Wniosek_o_zezwolenie_na_przetwarzanie_odpadow\" title=\"Wniosek o zezwolenie na przetwarzanie odpad\u00f3w\">Wniosek o zezwolenie na przetwarzanie odpad\u00f3w<\/a><ul class='ez-toc-list-level-2' ><li class='ez-toc-heading-level-2'><a class=\"ez-toc-link ez-toc-heading-10\" href=\"https:\/\/360eco.pl\/index.php\/oferta\/wnioski-opracowania-karty\/odpady\/#Podstawa_prawna-3\" title=\"Podstawa prawna\">Podstawa prawna<\/a><\/li><li class='ez-toc-page-1 ez-toc-heading-level-2'><a class=\"ez-toc-link ez-toc-heading-11\" href=\"https:\/\/360eco.pl\/index.php\/oferta\/wnioski-opracowania-karty\/odpady\/#Kogo_dotyczy-3\" title=\"Kogo dotyczy\">Kogo dotyczy<\/a><\/li><li class='ez-toc-page-1 ez-toc-heading-level-2'><a class=\"ez-toc-link ez-toc-heading-12\" href=\"https:\/\/360eco.pl\/index.php\/oferta\/wnioski-opracowania-karty\/odpady\/#Zawiera_dane_m_in_o-3\" title=\"Zawiera dane m. in. o\">Zawiera dane m. in. o<\/a><\/li><\/ul><\/li><li class='ez-toc-page-1 ez-toc-heading-level-1'><a class=\"ez-toc-link ez-toc-heading-13\" href=\"https:\/\/360eco.pl\/index.php\/oferta\/wnioski-opracowania-karty\/odpady\/#Transgraniczne_przemieszczanie_odpadow\" title=\"Transgraniczne przemieszczanie odpad\u00f3w\">Transgraniczne przemieszczanie odpad\u00f3w<\/a><ul class='ez-toc-list-level-2' ><li class='ez-toc-heading-level-2'><a class=\"ez-toc-link ez-toc-heading-14\" href=\"https:\/\/360eco.pl\/index.php\/oferta\/wnioski-opracowania-karty\/odpady\/#Podstawa_prawna-4\" title=\"Podstawa prawna\">Podstawa prawna<\/a><\/li><li class='ez-toc-page-1 ez-toc-heading-level-2'><a class=\"ez-toc-link ez-toc-heading-15\" href=\"https:\/\/360eco.pl\/index.php\/oferta\/wnioski-opracowania-karty\/odpady\/#Klasyfikacja_odpadow_na_potrzeby_transgranicznego_przemieszczania_odpadow\" title=\"Klasyfikacja odpad\u00f3w na potrzeby transgranicznego przemieszczania odpad\u00f3w\">Klasyfikacja odpad\u00f3w na potrzeby transgranicznego przemieszczania odpad\u00f3w<\/a><\/li><li class='ez-toc-page-1 ez-toc-heading-level-2'><a class=\"ez-toc-link ez-toc-heading-16\" href=\"https:\/\/360eco.pl\/index.php\/oferta\/wnioski-opracowania-karty\/odpady\/#Kogo_dotyczy-4\" title=\"Kogo dotyczy\">Kogo dotyczy<\/a><\/li><\/ul><\/li><\/ul><\/nav><\/div>\n<h1 style=\"text-align: justify;\"><span class=\"ez-toc-section\" id=\"Wniosek_o_pozwolenie_na_wytwarzanie_odpadow\"><\/span>Wniosek o pozwolenie na wytwarzanie odpad\u00f3w<span class=\"ez-toc-section-end\"><\/span><\/h1>\n<h2 style=\"text-align: justify;\"><span class=\"ez-toc-section\" id=\"Podstawa_prawna\"><\/span><strong>Podstawa prawna<\/strong><span class=\"ez-toc-section-end\"><\/span><\/h2>\n<p style=\"text-align: justify;\">art. 180a ustawy z dnia 27 kwietnia 2001 r.- <em>Prawo ochrony \u015brodowiska<\/em> (t.j. Dz. U. z 2017 r. poz. 519 ze zm.).<\/p>\n<h2 style=\"text-align: justify;\"><span class=\"ez-toc-section\" id=\"Kogo_dotyczy\"><\/span><strong>Kogo dotyczy<\/strong><span class=\"ez-toc-section-end\"><\/span><\/h2>\n<p style=\"text-align: justify;\">Pozwolenie na wytwarzanie odpad\u00f3w jest wymagane w przypadku wytwarzania w wyniku eksploatacji instalacji nast\u0119puj\u0105cych kategorii odpad\u00f3w:<\/p>\n<p style=\"text-align: justify;\">1) niebezpiecznych o \u0142\u0105cznej masie powy\u017cej 1 Mg rocznie lub<br \/>\n2) innych ni\u017c niebezpieczne o \u0142\u0105cznej masie powy\u017cej 5000 Mg rocznie.<\/p>\n<h2 style=\"text-align: justify;\"><span class=\"ez-toc-section\" id=\"Zawiera_dane_m_in_o\"><\/span><strong>Zawiera dane m. in. o<\/strong><span class=\"ez-toc-section-end\"><\/span><\/h2>\n<ul style=\"text-align: justify;\">\n<li>rodzajach odpad\u00f3w przewidzianych do wytwarzania, z uwzgl\u0119dnieniem ich podstawowego sk\u0142adu chemicznego i w\u0142a\u015bciwo\u015bci,<\/li>\n<li>masie poszczeg\u00f3lnych rodzaj\u00f3w odpad\u00f3w przewidzianych do wytwarzania w ci\u0105gu roku,<\/li>\n<li>sposobach zapobiegania powstawaniu odpad\u00f3w lub ograniczania ilo\u015bci odpad\u00f3w i ich negatywnego oddzia\u0142ywania na \u015brodowisko,<\/li>\n<li>dalszym sposobie gospodarowania odpadami, z uwzgl\u0119dnieniem zbierania, transportu, odzysku i unieszkodliwiania odpad\u00f3w,<\/li>\n<li>miejscu i sposobie magazynowania poszczeg\u00f3lnych rodzaj\u00f3w odpad\u00f3w<\/li>\n<\/ul>\n<h1 style=\"text-align: justify;\"><span class=\"ez-toc-section\" id=\"Wniosek_o_zezwolenie_na_zbieranie_odpadow\"><\/span>Wniosek o zezwolenie na zbieranie odpad\u00f3w<span class=\"ez-toc-section-end\"><\/span><\/h1>\n<p style=\"text-align: justify;\"><strong>\u00a0<\/strong><\/p>\n<h2 style=\"text-align: justify;\"><span class=\"ez-toc-section\" id=\"Podstawa_prawna-2\"><\/span><strong>Podstawa prawna<\/strong><span class=\"ez-toc-section-end\"><\/span><\/h2>\n<p style=\"text-align: justify;\">Art. 41 ust. 3, ust. 6, art. 42 ust. 1 art. 43 ust. 1 ustawy z dnia 14 grudnia 2012 roku o odpadach.<\/p>\n<h2 style=\"text-align: justify;\"><span class=\"ez-toc-section\" id=\"Kogo_dotyczy-2\"><\/span><strong>Kogo dotyczy<\/strong><span class=\"ez-toc-section-end\"><\/span><\/h2>\n<p style=\"text-align: justify;\">Przedsi\u0119biorcy prowadz\u0105cego zbieranie odpad\u00f3w.<\/p>\n<h2 style=\"text-align: justify;\"><span class=\"ez-toc-section\" id=\"Zawiera_dane_m_in_o-2\"><\/span><strong>Zawiera dane m. in. o<\/strong><span class=\"ez-toc-section-end\"><\/span><\/h2>\n<ul style=\"text-align: justify;\">\n<li>wyszczeg\u00f3lnienie rodzaj\u00f3w odpad\u00f3w przewidzianych do zbierania,<\/li>\n<li>miejscu zbierania odpad\u00f3w,<\/li>\n<li>miejsca i sposobie magazynowania poszczeg\u00f3lnych rodzaj\u00f3w odpad\u00f3w,<\/li>\n<li>opis stosowanej metody lub metod zbierania odpad\u00f3w,<\/li>\n<li>mo\u017cliwo\u015bciach technicznych i organizacyjnych pozwalaj\u0105cych nale\u017cycie wykonywa\u0107 dzia\u0142alno\u015b\u0107 w zakresie zbierania odpad\u00f3w, ze szczeg\u00f3lnym uwzgl\u0119dnieniem kwalifikacji zawodowych lub przeszkolenia pracownik\u00f3w oraz liczby i jako\u015bci posiadanych instalacji i urz\u0105dze\u0144 odpowiadaj\u0105cych wymaganiom ochrony \u015brodowiska.<\/li>\n<\/ul>\n<h1 style=\"text-align: justify;\"><span class=\"ez-toc-section\" id=\"Wniosek_o_zezwolenie_na_przetwarzanie_odpadow\"><\/span>Wniosek o zezwolenie na przetwarzanie odpad\u00f3w<span class=\"ez-toc-section-end\"><\/span><\/h1>\n<h2 style=\"text-align: justify;\"><span class=\"ez-toc-section\" id=\"Podstawa_prawna-3\"><\/span><strong>Podstawa prawna<\/strong><span class=\"ez-toc-section-end\"><\/span><\/h2>\n<p style=\"text-align: justify;\">Art. 41 ust. 3, ust. 6, art. 42 ust. 2, art. 43 ust. 2 ustawy z dnia 14 grudnia 2012 roku o odpadach<\/p>\n<h2 style=\"text-align: justify;\"><span class=\"ez-toc-section\" id=\"Kogo_dotyczy-3\"><\/span><strong>Kogo dotyczy<\/strong><span class=\"ez-toc-section-end\"><\/span><\/h2>\n<p style=\"text-align: justify;\">Przedsi\u0119biorcy prowadz\u0105cego przetwarzanie (odzysk, unieszkodliwianie) odpad\u00f3w w instalacji i poza instalacj\u0105.<\/p>\n<h2 style=\"text-align: justify;\"><span class=\"ez-toc-section\" id=\"Zawiera_dane_m_in_o-3\"><\/span><strong>Zawiera dane m. in. o<\/strong><span class=\"ez-toc-section-end\"><\/span><\/h2>\n<ul style=\"text-align: justify;\">\n<li>rodzajach odpad\u00f3w przewidzianych do przetwarzania,<\/li>\n<li>masie poszczeg\u00f3lnych rodzaj\u00f3w odpad\u00f3w poddawanych przetwarzaniu i powstaj\u0105cych w wyniku przetwarzania w ci\u0105gu roku,<\/li>\n<li>miejscu przetwarzania odpad\u00f3w,<\/li>\n<li>miejscach i sposobach magazynowania poszczeg\u00f3lnych rodzaj\u00f3w odpad\u00f3w,<\/li>\n<li>stosowanej metodzie lub metodach przetwarzania odpad\u00f3w, w tym wskazanie procesu przetwarzania, zgodnie z za\u0142\u0105cznikami nr 1 i 2 do ustawy, oraz opis procesu technologicznego z podaniem rocznej mocy przerobowej instalacji lub urz\u0105dzenia, a w uzasadnionych przypadkach \u2013 tak\u017ce godzinowej mocy przerobowej,<\/li>\n<li>mo\u017cliwo\u015bciach technicznych i organizacyjnych pozwalaj\u0105cych nale\u017cycie wykonywa\u0107 dzia\u0142alno\u015b\u0107 w zakresie przetwarzania odpad\u00f3w, ze szczeg\u00f3lnym uwzgl\u0119dnieniem kwalifikacji zawodowych lub przeszkolenia pracownik\u00f3w oraz liczby i jako\u015bci posiadanych instalacji i urz\u0105dze\u0144 odpowiadaj\u0105cych wymaganiom ochrony \u015brodowiska.<\/li>\n<\/ul>\n<h1 style=\"text-align: justify;\"><span class=\"ez-toc-section\" id=\"Transgraniczne_przemieszczanie_odpadow\"><\/span><strong>Transgraniczne przemieszczanie odpad\u00f3w<\/strong><span class=\"ez-toc-section-end\"><\/span><\/h1>\n<h2 style=\"text-align: justify;\"><span class=\"ez-toc-section\" id=\"Podstawa_prawna-4\"><\/span><strong>Podstawa prawna<\/strong><span class=\"ez-toc-section-end\"><\/span><\/h2>\n<p style=\"text-align: justify;\">Zasady dotycz\u0105ce transgranicznego przemieszczania odpad\u00f3w reguluje rozporz\u0105dzenie (WE) nr 1013\/2006 Parlamentu Europejskiego i Rady z dnia 14 czerwca 2006 r. <em>w sprawie przemieszczania odpad\u00f3w<\/em>. \u00a0Krajowym aktem prawnym, kt\u00f3ry uzupe\u0142nia przepisy ww. rozporz\u0105dzenia jest ustawa z dnia 29 czerwca 2007 r. <em>o mi\u0119dzynarodowym przemieszczaniu odpad\u00f3w<\/em>.<\/p>\n<h2 style=\"text-align: justify;\"><span class=\"ez-toc-section\" id=\"Klasyfikacja_odpadow_na_potrzeby_transgranicznego_przemieszczania_odpadow\"><\/span><strong>Klasyfikacja odpad\u00f3w na potrzeby transgranicznego przemieszczania odpad\u00f3w<\/strong><span class=\"ez-toc-section-end\"><\/span><\/h2>\n<ul style=\"text-align: justify;\">\n<li>Lista zielona:<\/li>\n<\/ul>\n<p style=\"text-align: justify;\">Za\u0142\u0105cznik III do rozporz\u0105dzenia nr 1013\/2006 &#8211; lista B Konwencji Bazylejskiej (aneks IX KB) + 13 rodzaj\u00f3w odpad\u00f3w wg starej klasyfikacji OECD, kt\u00f3rych nie ma na li\u015bcie B konwencji.<\/p>\n<ul style=\"text-align: justify;\">\n<li>Lista bursztynowa:<\/li>\n<\/ul>\n<p style=\"text-align: justify;\">Za\u0142\u0105cznik IV do rozporz\u0105dzenia nr 1013\/2006 \u2013 lista A Konwencji Bazylejskiej (aneks VIIIKB) + odpady wg starej klasyfikacji OECD, kt\u00f3rych nie ma na li\u015bcie A konwencji.<\/p>\n<ul style=\"text-align: justify;\">\n<li>Odpady niesklasyfikowane:<\/li>\n<\/ul>\n<p style=\"text-align: justify;\">Je\u015bli odpad nie znajduje si\u0119 na li\u015bcie zielonej lub bursztynowej lub jest to mieszanina r\u00f3\u017cnych odpad\u00f3w, klasyfikuje si\u0119 go jako odpad spoza listy. Wyj\u0105tkiem s\u0105 mieszaniny odpad\u00f3w wymienione w za\u0142\u0105czniku IIIA (np. mieszanina odpad\u00f3w o kodzie B1010 \u2013 odpady metali i B1050 &#8211; pomieszane metale nie\u017celazne).<\/p>\n<h2 style=\"text-align: justify;\"><span class=\"ez-toc-section\" id=\"Kogo_dotyczy-4\"><\/span><strong>Kogo dotyczy<\/strong><span class=\"ez-toc-section-end\"><\/span><\/h2>\n<p style=\"text-align: justify;\">Istniej\u0105 dwie procedury dotycz\u0105ce przemieszcze\u0144 odpad\u00f3w:<\/p>\n<ol style=\"text-align: justify;\">\n<li>Procedura uprzedniego pisemnego zg\u0142oszenia i zgody,<\/li>\n<li>Procedura informowania na podstawie art. 18 rozporz\u0105dzenia nr 1013\/2006 Parlamentu Europejskiego i Rady z dnia 14 czerwca 2006 r. <em>w sprawie przemieszczania odpad\u00f3w<\/em>.<\/li>\n<\/ol>\n<ol style=\"text-align: justify;\">\n<li>\n<h6><strong>Procedur\u0119 uprzedniego pisemnego zg\u0142oszenia i zgody stosuje si\u0119 w przypadku przemieszczania<\/strong>:<\/h6>\n<\/li>\n<\/ol>\n<ul style=\"text-align: justify;\">\n<li>odpad\u00f3w z listy bursztynowej przeznaczonych do odzysku,<\/li>\n<li>odpad\u00f3w niesklasyfikowanych w \u017cadnym z za\u0142\u0105cznik\u00f3w do rozporz\u0105dzenia nr 1013\/2006<br \/>\ni mieszanin odpad\u00f3w (wyj\u0105tek mieszaniny z za\u0142\u0105cznika IIIA),<\/li>\n<li>odpad\u00f3w przeznaczonych do unieszkodliwienia (wszystkie odpady niezale\u017cenie od tego, czy znajduj\u0105 si\u0119 na li\u015bcie zielonej czy bursztynowej).<\/li>\n<li>Przemieszczenia tych odpad\u00f3w wymagaj\u0105 wydania zezwolenia przez w\u0142a\u015bciwe organy kraju wysy\u0142ki, przeznaczenia i tranzytu.<\/li>\n<\/ul>\n<p style=\"text-align: justify;\"><strong>Zg\u0142oszenie<\/strong><\/p>\n<p style=\"text-align: justify;\">Zg\u0142oszenie nast\u0119puje poprzez przes\u0142anie dokumentu zg\u0142oszenia i przesy\u0142ania do w\u0142a\u015bciwego organu wysy\u0142ki. Wzory dokument\u00f3w zg\u0142oszenia i przesy\u0142ania znajduj\u0105 si\u0119 w za\u0142\u0105czniku IA i za\u0142\u0105czniku IB do rozporz\u0105dzenia nr 1013\/2006.<\/p>\n<p style=\"text-align: justify;\">O wydanie zezwolenia zobowi\u0105zany jest wyst\u0105pi\u0107 podmiot wysy\u0142aj\u0105cy odpady, tzw. zg\u0142aszaj\u0105cy, podlegaj\u0105cy jurysdykcji pa\u0144stwa wysy\u0142ki. Firma polska mo\u017ce wi\u0119c uzyska\u0107 wy\u0142\u0105cznie zezwolenie na wysy\u0142k\u0119 odpad\u00f3w zagranic\u0119. W przypadku planowanego sprowadzenia odpad\u00f3w do Polski, o zezwolenie musi wyst\u0105pi\u0107 firma wysy\u0142aj\u0105ca odpady, prowadz\u0105ca dzia\u0142alno\u015b\u0107 w kraju wysy\u0142ki. Odbiorca odpad\u00f3w nie jest wi\u0119c stron\u0105 w takim post\u0119powaniu administracyjnym, powinien jednak wsp\u00f3\u0142pracowa\u0107 ze zg\u0142aszaj\u0105cym przy kompletowaniu dokument\u00f3w wymaganych do wniosku, m.in. zawrze\u0107 ze zg\u0142aszaj\u0105cym umow\u0119, o kt\u00f3rej mowa w art. 5 rozporz\u0105dzenia 1013\/2006 oraz dostarczy\u0107 swoje zezwolenie na dzia\u0142alno\u015b\u0107 w zakresie odzysku odpad\u00f3w.<\/p>\n<p style=\"text-align: justify;\">Formularze znajduj\u0105ce si\u0119 w za\u0142\u0105czniku IA i za\u0142\u0105czniku IB do rozporz\u0105dzenia nr 1013\/2006 nale\u017cy wype\u0142ni\u0107 zgodnie z instrukcjami zawartymi w za\u0142\u0105czniku IC do ww. rozporz\u0105dzenia oraz do\u0142\u0105czy\u0107 do nich dokumenty i informacje dodatkowe, kt\u00f3rych lista znajduje si\u0119 w za\u0142\u0105czniku II do rozporz\u0105dzenia. W szczeg\u00f3lnych wypadkach mog\u0105 by\u0107 wymagane dodatkowe informacje, kt\u00f3re powinny by\u0107 zawarte w dokumencie zg\u0142oszenia lub do niego za\u0142\u0105czone &#8211; za\u0142\u0105cznik II cz\u0119\u015b\u0107 1 i cz\u0119\u015b\u0107 3 &#8211; rozporz\u0105dzenia WE\/1013\/2006. Ponadto nale\u017cy uwzgl\u0119dni\u0107 dokumenty wymienione w art. 6 ust. 4 ustawy z dn. 29 czerwca 2007 r<em>. o mi\u0119dzynarodowym przemieszczaniu odpad\u00f3w.<\/em> Komplet dokument\u00f3w sk\u0142ada si\u0119 we w\u0142a\u015bciwym urz\u0119dzie kraju wysy\u0142ki, w tylu egzemplarzach, ile jest zainteresowanych pa\u0144stw (pa\u0144stwa zainteresowane to: pa\u0144stwo wywozu, pa\u0144stwo przywozu i pa\u0144stwa tranzytowe, je\u017celi bior\u0105 udzia\u0142 w procedurze).<\/p>\n<p style=\"text-align: justify;\">Przemieszczenia mo\u017cna rozpocz\u0105\u0107 wy\u0142\u0105cznie po wyra\u017ceniu zgody przez wszystkie w\u0142a\u015bciwe zainteresowane organy. Dokumenty zg\u0142oszenia i przesy\u0142ania wraz z unikalnym numerem wydaje kraj wysy\u0142ki odpad\u00f3w. Zezwolenie w Polsce wydaje G\u0142\u00f3wny Inspektor Ochrony \u015arodowiska poprzez podpisanie pola nr 20 dokumentu zg\u0142oszenia. Dodatkowe warunki okre\u015blone s\u0105 w decyzji administracyjnej.<\/p>\n<ol style=\"text-align: justify;\" start=\"2\">\n<li>\n<h6><strong>Procedur\u0119 informowania stosuje si\u0119 w przypadku:<\/strong><\/h6>\n<\/li>\n<\/ol>\n<ul style=\"text-align: justify;\">\n<li>odpad\u00f3w z listy zielonej,<\/li>\n<li>odpad\u00f3w przeznaczonych do bada\u0144 laboratoryjnych o masie nieprzekraczaj\u0105cej 25 kg,<\/li>\n<li>mieszanin odpad\u00f3w uj\u0119tych w za\u0142\u0105czniku IIIA i IIIB do rozporz\u0105dzenia nr 1013\/2006,<\/li>\n<li>odpad\u00f3w umieszczonych w za\u0142\u0105czniku IIIB do rozporz\u0105dzenia nr 1013\/2006.<\/li>\n<\/ul>\n<p style=\"text-align: justify;\">Wymogi w przypadku zastosowania procedury informowania opisuje art. 18 rozporz\u0105dzenia nr 1013\/2006.<\/p>\n<p style=\"text-align: justify;\">Wysy\u0142aj\u0105cy oraz odbiorca odpad\u00f3w musz\u0105 przed rozpocz\u0119ciem przemieszczenia zawrze\u0107 pisemn\u0105 umow\u0119 dot. przemieszczania odpad\u00f3w.<\/p>\n<p style=\"text-align: justify;\">Ka\u017cdemu przemieszczeniu towarzyszy dokument okre\u015blony w za\u0142\u0105czniku VII do rozporz\u0105dzenia nr 1013\/2006. Za prawid\u0142owe wype\u0142nienie dokumentu z za\u0142\u0105cznika VII odpowiedzialna jest osoba, kt\u00f3ra organizuje przemieszczanie.<\/p>\n<p style=\"text-align: justify;\">Przemieszczenia odpad\u00f3w przeznaczonych do odzysku z listy zielonej oraz odpad\u00f3w wymienionych w za\u0142\u0105czniku IIIA i IIIB, kt\u00f3rych masa nie przekracza 20 kg, odbywaj\u0105 si\u0119 bez konieczno\u015bci stosowania procedur okre\u015blonych w rozporz\u0105dzeniu nr 1013\/2006.<\/p>\n<p style=\"text-align: justify;\">\n","protected":false},"excerpt":{"rendered":"<p>Wniosek o pozwolenie na wytwarzanie odpad\u00f3w Podstawa prawna art. 180a ustawy z dnia 27 kwietnia 2001 r.- Prawo ochrony \u015brodowiska (t.j. Dz. U. z 2017 r. poz. 519 ze zm.). Kogo dotyczy Pozwolenie na wytwarzanie odpad\u00f3w jest wymagane w przypadku wytwarzania w wyniku eksploatacji instalacji nast\u0119puj\u0105cych kategorii odpad\u00f3w: 1) niebezpiecznych &hellip;<\/p>\n","protected":false},"author":1,"featured_media":0,"parent":136,"menu_order":0,"comment_status":"closed","ping_status":"closed","template":"","meta":{"footnotes":""},"class_list":["post-156","page","type-page","status-publish","hentry"],"_links":{"self":[{"href":"https:\/\/360eco.pl\/index.php\/wp-json\/wp\/v2\/pages\/156","targetHints":{"allow":["GET"]}}],"collection":[{"href":"https:\/\/360eco.pl\/index.php\/wp-json\/wp\/v2\/pages"}],"about":[{"href":"https:\/\/360eco.pl\/index.php\/wp-json\/wp\/v2\/types\/page"}],"author":[{"embeddable":true,"href":"https:\/\/360eco.pl\/index.php\/wp-json\/wp\/v2\/users\/1"}],"replies":[{"embeddable":true,"href":"https:\/\/360eco.pl\/index.php\/wp-json\/wp\/v2\/comments?post=156"}],"version-history":[{"count":8,"href":"https:\/\/360eco.pl\/index.php\/wp-json\/wp\/v2\/pages\/156\/revisions"}],"predecessor-version":[{"id":425,"href":"https:\/\/360eco.pl\/index.php\/wp-json\/wp\/v2\/pages\/156\/revisions\/425"}],"up":[{"embeddable":true,"href":"https:\/\/360eco.pl\/index.php\/wp-json\/wp\/v2\/pages\/136"}],"wp:attachment":[{"href":"https:\/\/360eco.pl\/index.php\/wp-json\/wp\/v2\/media?parent=156"}],"curies":[{"name":"wp","href":"https:\/\/api.w.org\/{rel}","templated":true}]}}