{"id":134,"date":"2018-07-14T16:25:03","date_gmt":"2018-07-14T14:25:03","guid":{"rendered":"http:\/\/10.4.0.3:4000\/?page_id=134"},"modified":"2020-07-21T11:49:17","modified_gmt":"2020-07-21T09:49:17","slug":"oferta","status":"publish","type":"page","link":"https:\/\/360eco.pl\/index.php\/oferta\/","title":{"rendered":"Oferta"},"content":{"rendered":"<h3 id=\"h.p_HuCeVUDgqmsh\" class=\"zfr3Q OmQG5e\">Wnioski, Opracowania, Karty:<\/h3>\n<ul class=\"n8H08c UVNKR\">\n<li id=\"h.p_-vOLtfxDqs8l\" class=\"zfr3Q TYR86d\"><a href=\"https:\/\/360eco.pl\/index.php\/oferta\/wnioski-opracowania-karty\/odpady\/\">Wnioski o wydanie pozwolenia\/zezwolenia na wytwarzanie, przetwarzanie i zbieranie odpad\u00f3w.<\/a><\/li>\n<li id=\"h.p_mdCm0g3Oqs8m\" class=\"zfr3Q TYR86d\"><a href=\"https:\/\/360eco.pl\/index.php\/wnioski-opracowania-karty\/zgloszenie-instalacji-z-ktorej-emisja-nie-wymaga-pozwolenia\/\">Zg\u0142oszenie instalacji, z kt\u00f3rej emisja nie wymaga pozwolenia.<\/a><\/li>\n<li id=\"h.p_5Sxg2bHxqs8n\" class=\"zfr3Q TYR86d\"><a href=\"https:\/\/360eco.pl\/index.php\/karta-informacyjna-przedsiewziecia\/\">Karta informacyjna przedsi\u0119wzi\u0119cia.<\/a><\/li>\n<li id=\"h.p_rVC5Gx0_qs8n\" class=\"zfr3Q TYR86d\"><a href=\"https:\/\/360eco.pl\/index.php\/pozwolenia-emisyjne\/\">Wniosek o wydanie pozwolenie na wprowadzanie gaz\u00f3w lub py\u0142\u00f3w do powietrza.<\/a><\/li>\n<li id=\"h.p_udg578ivqs8n\" class=\"zfr3Q TYR86d\"><a href=\"https:\/\/360eco.pl\/index.php\/pozwolenia-zintegrowane\/\">Wniosek o wydanie pozwolenia zintegrowanego.<\/a><\/li>\n<li id=\"h.p_uASMfK3Zryn-\" class=\"zfr3Q TYR86d\"><a href=\"https:\/\/360eco.pl\/index.php\/pozwolenia-zintegrowane\/\">Wniosek o zmian\u0119 pozwolenia zintegrowanego.<\/a><\/li>\n<li id=\"h.p_agwchgzAsAuV\" class=\"zfr3Q TYR86d\"><a href=\"https:\/\/360eco.pl\/index.php\/pozwolenia-zintegrowane\/\">Analiza warunk\u00f3w pozwolenia zintegrowanego.<\/a><\/li>\n<li id=\"h.p_MzvQf1Tsqs8o\" class=\"zfr3Q TYR86d\"><a href=\"https:\/\/360eco.pl\/index.php\/raporty\/\">Raport o oddzia\u0142ywaniu przedsi\u0119wzi\u0119cia na \u015brodowisko.<\/a><\/li>\n<li id=\"h.p_fBp8KNQSqs8o\" class=\"zfr3Q TYR86d\">Ocena oddzia\u0142ywania przedsi\u0119wzi\u0119cia na obszar Natura 2000.<\/li>\n<li id=\"h.p_LN_Qoq_Aqs8q\" class=\"zfr3Q TYR86d\"><a href=\"https:\/\/360eco.pl\/index.php\/zgloszenia\/\">Zg\u0142oszenie instalacji wytwarzaj\u0105cej pole elektromagnetyczne.<\/a><\/li>\n<li id=\"h.p_2SCbH2dgqs8q\" class=\"zfr3Q TYR86d\"><a href=\"https:\/\/360eco.pl\/index.php\/oferta\/wnioski-opracowania-karty\/zgloszenia\/\">Zg\u0142oszenie uznania przedmiotu za\u00a0produkt uboczny.<\/a><\/li>\n<li id=\"h.p_rpbymwoDqs8q\" class=\"zfr3Q TYR86d\"><a href=\"https:\/\/360eco.pl\/index.php\/odpady\/\">Wniosek o wydanie zezwolenia na transgraniczne przemieszczanie odpad\u00f3w.<\/a><\/li>\n<li>Pozwolenie wodnoprawne &#8211; Operat wodnoprawny<\/li>\n<\/ul>\n<h3 id=\"h.p_HUs9M7Tgqs8r\" class=\"zfr3Q OmQG5e\">Sprawozdawczo\u015b\u0107:<\/h3>\n<ul class=\"n8H08c UVNKR\">\n<li id=\"h.p_Vk1nHa09qs8r\" class=\"zfr3Q TYR86d\">Raport do Krajowego O\u015brodka Bilansowania i Zarz\u0105dzania Emisjami (KOBIZE).<\/li>\n<li id=\"h.p_fbP2XFEWqs8s\" class=\"zfr3Q TYR86d\">Sprawozdanie: op\u0142aty za korzystanie ze \u015brodowiska.<\/li>\n<li id=\"h.p_yZvq1XeVqs8t\" class=\"zfr3Q TYR86d\">Sprawozdanie o odpadach.<\/li>\n<li id=\"h.p_8jxVHUWJqs8t\" class=\"zfr3Q TYR86d\">Sprawozdania wynikaj\u0105ce z ustawy o zu\u017cytym sprz\u0119cie elektrycznym i elektronicznym obowi\u0105zuj\u0105ce wprowadzaj\u0105cego.<\/li>\n<li id=\"h.p_9LKOfrBEqs8v\" class=\"zfr3Q TYR86d\">Sprawozdania wynikaj\u0105ce z ustawy o bateriach i akumulatorach obowi\u0105zuj\u0105ce wprowadzaj\u0105cego.<\/li>\n<li id=\"h.p_cO1u1udlqs8w\" class=\"zfr3Q TYR86d\">Sprawozdania w zakresie opakowa\u0144.<\/li>\n<li id=\"h.p_JpZXspAoqs8x\" class=\"zfr3Q TYR86d\">sprawozdanie w zakresie op\u0142aty produktowej.<\/li>\n<\/ul>\n<h3 id=\"h.p_B2H-GQvKqs8y\" class=\"zfr3Q OmQG5e\">Audyty i przegl\u0105dy \u015brodowiskowe:<\/h3>\n<ul class=\"n8H08c UVNKR\">\n<li id=\"h.p_vurmp44Zqs8z\" class=\"zfr3Q TYR86d\">Gospodarka odpadami.<\/li>\n<li id=\"h.p_DUuCdD2Sqs80\" class=\"zfr3Q TYR86d\">Emisja gaz\u00f3w lub py\u0142\u00f3w do powietrza i naliczanie op\u0142aty \u015brodowiskowych.<\/li>\n<li id=\"h.p_9cHygmeKqs80\" class=\"zfr3Q TYR86d\">Obowi\u0105zki w dotycz\u0105ce wprowadzania na rynek krajowy produkt\u00f3w specjalnego nadzoru (produkt\u00f3w w opakowaniach, sprz\u0119tu elektrycznego i elektronicznego, baterii i akumulator\u00f3w, pojazd\u00f3w, opakowa\u0144).<\/li>\n<li id=\"h.p_imjtu87Aqs81\" class=\"zfr3Q TYR86d\">Audyt recykler\u00f3w.<\/li>\n<li id=\"h.p_OQGhmmtyqs82\" class=\"zfr3Q TYR86d\">Audyt zak\u0142ad\u00f3w przetwarzania zu\u017cytego sprz\u0119tu elektronicznego i elektrycznego (ZSEIE).<\/li>\n<li id=\"h.p_vUoximNeqs83\" class=\"zfr3Q TYR86d\">Prawid\u0142owo\u015b\u0107 naliczania op\u0142at \u015brodowiskowych.<\/li>\n<\/ul>\n<h3 id=\"h.p_CQ8gk-SCqs84\" class=\"zfr3Q OmQG5e\"><a href=\"https:\/\/360eco.pl\/index.php\/doradztwo-i-obsluga-w-zakresie-ochrony-srodowiska\/\">Doradztwo i obs\u0142uga w zakresie ochrony \u015brodowiska:<\/a><\/h3>\n<ul class=\"n8H08c UVNKR\">\n<li id=\"h.p_rW9org1xqs84\" class=\"zfr3Q TYR86d\">Realizacja ustawowych obowi\u0105zk\u00f3w z zakresu ochrony \u015brodowiska na podstawie podpisanej umowy lub umowy i stosownych pe\u0142nomocnictw \u2013 outsourcing.<\/li>\n<li id=\"h.p_Kf1QXFSoqs84\" class=\"zfr3Q TYR86d\">Wpis i aktualizacja w rejestrze podmiot\u00f3w wprowadzaj\u0105cych produkty, produkty w opakowaniach i gospodaruj\u0105cych odpadami (BDO).<\/li>\n<li id=\"h.p_9fWF3yu6qs86\" class=\"zfr3Q TYR86d\">Outsourcing &#8211; zakres obs\u0142ugi jest okre\u015blany indywidualnie.<\/li>\n<li id=\"h.p_mkHKJ3ZIqs87\" class=\"zfr3Q TYR86d\">Konsultacje.<\/li>\n<li id=\"h.p_N-Pq6Wkbqs87\" class=\"zfr3Q TYR86d\">Udzia\u0142 w konsultacjach spo\u0142ecznych.<\/li>\n<li id=\"h.p_Hw3niSCSqs8-\" class=\"zfr3Q TYR86d\">Spotkania konsultacyjno-informacyjne.<\/li>\n<\/ul>\n<h3 id=\"h.p_ARCh7R2Jqs8_\" class=\"zfr3Q OmQG5e\"><a href=\"https:\/\/360eco.pl\/index.php\/szkolenia-otwarte-zamkniete\/\">Szkolenia otwarte \/ zamkni\u0119te:<\/a><\/h3>\n<ul class=\"n8H08c UVNKR\">\n<li id=\"h.p_46ylHUktqs8_\" class=\"zfr3Q TYR86d\">Gospodarka odpadami.<\/li>\n<li id=\"h.p_bsyo9rY9qs8_\" class=\"zfr3Q TYR86d\">Ochrona powietrza.<\/li>\n<li id=\"h.p_Iq5IXbNNqs8_\" class=\"zfr3Q TYR86d\">Prawo wodne.<\/li>\n<li id=\"h.p_xFhR-CZJqs9A\" class=\"zfr3Q TYR86d\">Opakowania, produkty w opakowaniach, SEiE, baterie.<\/li>\n<li id=\"h.p_AlwTdpIrqs9A\" class=\"zfr3Q TYR86d\"><a href=\"https:\/\/360eco.pl\/index.php\/edukacja-ekologiczna\/\">Edukacja ekologiczna.<\/a><\/li>\n<\/ul>\n","protected":false},"excerpt":{"rendered":"<p>Wnioski, Opracowania, Karty: Wnioski o wydanie pozwolenia\/zezwolenia na wytwarzanie, przetwarzanie i zbieranie odpad\u00f3w. Zg\u0142oszenie instalacji, z kt\u00f3rej emisja nie wymaga pozwolenia. Karta informacyjna przedsi\u0119wzi\u0119cia. Wniosek o wydanie pozwolenie na wprowadzanie gaz\u00f3w lub py\u0142\u00f3w do powietrza. Wniosek o wydanie pozwolenia zintegrowanego. Wniosek o zmian\u0119 pozwolenia zintegrowanego. Analiza warunk\u00f3w pozwolenia zintegrowanego. Raport &hellip;<\/p>\n","protected":false},"author":1,"featured_media":0,"parent":0,"menu_order":0,"comment_status":"closed","ping_status":"closed","template":"","meta":{"footnotes":""},"class_list":["post-134","page","type-page","status-publish","hentry"],"_links":{"self":[{"href":"https:\/\/360eco.pl\/index.php\/wp-json\/wp\/v2\/pages\/134","targetHints":{"allow":["GET"]}}],"collection":[{"href":"https:\/\/360eco.pl\/index.php\/wp-json\/wp\/v2\/pages"}],"about":[{"href":"https:\/\/360eco.pl\/index.php\/wp-json\/wp\/v2\/types\/page"}],"author":[{"embeddable":true,"href":"https:\/\/360eco.pl\/index.php\/wp-json\/wp\/v2\/users\/1"}],"replies":[{"embeddable":true,"href":"https:\/\/360eco.pl\/index.php\/wp-json\/wp\/v2\/comments?post=134"}],"version-history":[{"count":8,"href":"https:\/\/360eco.pl\/index.php\/wp-json\/wp\/v2\/pages\/134\/revisions"}],"predecessor-version":[{"id":786,"href":"https:\/\/360eco.pl\/index.php\/wp-json\/wp\/v2\/pages\/134\/revisions\/786"}],"wp:attachment":[{"href":"https:\/\/360eco.pl\/index.php\/wp-json\/wp\/v2\/media?parent=134"}],"curies":[{"name":"wp","href":"https:\/\/api.w.org\/{rel}","templated":true}]}}